n(45) composite?
False
Is (211/(-4))/(18/(-8) - -2) composite?
False
Is (-120747)/22*(-4)/6 composite?
False
Suppose -2*x + 4*a + 407 + 1245 = 0, -2*x - 2*a + 1670 = 0. Let s = x + -592. Let o = 351 - s. Is o a composite number?
True
Is (69/12)/(1/7444) a prime number?
False
Suppose -2*q = m - 4657, -q - 13983 = -3*m - 3*q. Is m prime?
True
Suppose -10*i + 7*i + 255 = 4*u, u - 5*i - 81 = 0. Suppose -5*a = -3*q - 180, -3*a + a - 214 = 4*q. Let o = u - q. Is o composite?
True
Let u(o) = -86*o**3 + 9*o**2 - 16*o + 10. Is u(-9) composite?
False
Let k be (-17)/102 - (-3589)/6. Let l = k + -383. Is l prime?
False
Let p = -27 - -18. Let n be (p/3)/(21/(-14)). Suppose -n*s - 295 = -7*s. Is s a composite number?
False
Suppose 18 - 10 = 4*d. Suppose -d*z + 557 = -137. Is z a composite number?
False
Let x = 6328 + -2427. Is x a composite number?
True
Let y(h) = -h + 6. Let m be y(0). Suppose 3*i = 3*r - 18, -3*i + 5*r = -m*i + 22. Is (-7)/(7/10)*i a prime number?
False
Let q(g) = 3671*g + 106. Is q(15) a prime number?
True
Is 5 + -10 - (-5 + -121) a prime number?
False
Suppose 5*f = 2*j + 50905, 4*f - 50895 = -f + 4*j. Is f a composite number?
True
Let l(q) = -77*q - 30. Is l(-37) composite?
False
Let m = -50 - -54. Is -5*(2935/10)/((-2)/m) a composite number?
True
Let h(f) be the first derivative of -5/4*f**4 + 0*f - 1/3*f**3 + 1/2*f**2 + 4. Is h(-3) prime?
False
Let k = -275 + -4. Let w = -49 - k. Let f = w + 333. Is f prime?
True
Let q be (-2)/8 + (-2)/(-8). Suppose -s - 60 = -5*t - q*s, -36 = -3*t - 2*s. Is (t/18)/((-4)/(-342)) a prime number?
False
Suppose c - 3*b = -0*b + 1514, -2*b = 2. Is c prime?
True
Let a be 262 + (-3 - (3 + -4)). Suppose g - 31 = a. Is g prime?
False
Suppose 6*b = 10*b - 2*u - 101812, -4*b + 5*u + 101824 = 0. Is b a prime number?
False
Suppose 11*r + 44 + 66 = 0. Let c(v) = -6 + 3*v**2 + 11*v - 2 - v**2. Is c(r) prime?
False
Suppose 4*h = h + 12. Suppose -h*p = p. Is 0 + (p + 59 - 1) a composite number?
True
Suppose -5 = -5*z + 5. Let x(i) = i**2 - 2*i + 3. Let r be x(z). Is (-37)/(r/(-9) + 0) a prime number?
False
Let f be (-2)/(-6)*48/2. Suppose -3*x = 2*d + 10, 5*x + d + f = 3. Suppose u - 75 = -2*g, -5*u = 3*g - x*u - 116. Is g composite?
False
Suppose -240*c - 15114 = -246*c. Is c a composite number?
True
Let s(l) = 2*l**2 + 0*l - 6*l + 2 + 6*l**2 - 3*l**2. Let j be s(-6). Let f = j + 689. Is f a composite number?
False
Let c(n) = -n**3 - 5*n**2 - 2*n - 2. Let f be c(-5). Let o be 2 + 0 - (-16 + f). Suppose o*k - 155 = 5*k. Is k a composite number?
False
Let y = 30 + -30. Suppose -4*c - a = -997, -5*a - 493 = -y*c - 2*c. Let p = c - 122. Is p a composite number?
False
Let c(b) = 3985*b**2 - 6*b + 6. Let v be c(1). Suppose -5*q = -5*u + v, -7*q = -2*q. Is u a prime number?
True
Suppose -233 = -3*b - 4*h - 45, 0 = -4*b - 2*h + 244. Let k = b + -1. Is k a prime number?
True
Let d(k) = -1183*k + 13. Is d(-6) a prime number?
False
Let x(i) = -2582*i**3 + i**2 - i - 3. Is x(-1) composite?
True
Let p = 46702 + -4469. Is p a composite number?
True
Let d(m) = -11*m**3 - 8*m**2 - 16*m + 4. Is d(-5) a composite number?
False
Let t = -3415 + 62998. Is t composite?
True
Suppose -4*y = 0, 3601 + 1022 = 3*c + y. Suppose 0 = 5*r - 1964 - c. Is r a composite number?
False
Let a = 1309 - 2409. Let f = a + 2499. Is f a prime number?
True
Let y(m) = m**3 - 22*m**2 + 39*m + 23. Let f be y(20). Suppose f*v - 1463 = 2*a, -a = v + 3*a - 511. Is v prime?
True
Suppose -4*m - 5*u = -3043, 9*m - 7*m + 2*u = 1524. Is m prime?
False
Is (-2701002)/(-456) + 1/(-4) a composite number?
False
Let j(z) = 591*z + 865. Is j(6) a composite number?
True
Let h = -36931 - -62232. Is h composite?
False
Is 712/3916 - 2/22*-184017 a prime number?
True
Suppose -218*p = 3*g - 215*p - 30108, 40119 = 4*g - p. Is g a composite number?
True
Suppose 0 = -3*i + 5*i. Suppose i = h + 5*p - 1012, 0 = -4*p + 12. Is h a prime number?
True
Suppose -5*w + 5*z = -385075, -73532 = -2*w - 4*z + 80510. Is w a composite number?
False
Suppose -3*p - 7 = -1. Let j be 1 - (p - (1 - 1)). Suppose m + k - 41 = 0, -2*m + 5*k = -j*m + 57. Is m composite?
False
Let y = 30 - 27. Suppose -y = 6*h - 39. Suppose -1758 = -0*j - h*j. Is j a composite number?
False
Suppose 2*y - 1 + 5 = 2*h, -4*h = 5*y - 35. Suppose -3*n - y*b + 2370 = -0*n, 3*b = n - 806. Is n a composite number?
True
Suppose 0*m = -m, 4*y = -3*m + 8. Suppose -2*c - y*g + 392 = 0, -5*c + 385 = 2*g - 604. Is c prime?
True
Let f be -2 + (0 - 0 - -2). Let d be (23/(-3))/((-5)/(300/4)). Suppose -d = -5*v - f*v. Is v prime?
True
Let m(w) = -2*w**2 + 6*w + 2. Let s be m(3). Is 782 + (-3)/(-1) + s prime?
True
Let j(b) = 6*b**2 - 73*b + 184. Is j(47) a prime number?
True
Suppose 6*j - 2*j - 2060 = 0. Suppose a = 3*o - 139, 4*o - 204 + 64 = a. Let f = a + j. Is f prime?
True
Let q be 3675/6 - 2/4. Suppose q + 11 = i. Is i a prime number?
False
Let g(u) = -u**3 + u**2 - 16*u - 3. Let k be g(-9). Let i = k - 610. Is i prime?
False
Suppose 4*z + 5125 = q + 4*q, 0 = -2*q - 2*z + 2068. Let t = -371 + q. Suppose -4*w = -t - 1426. Is w prime?
True
Let w = 1293 + -752. Let l be (1 + -2)/(2/(-472)). Let o = w - l. Is o a composite number?
True
Suppose -123 = -2*n + 383. Let s = -22 + n. Is ((-1 - s) + -1)/(-1) prime?
True
Suppose -3*u + p = -31280, -42118 = -5*u - 5*p + 10022. Is u a composite number?
False
Suppose -5*j - 11413 = -4*u, 4*u + j = 3*j + 11422. Is u a composite number?
False
Suppose 0 = 3*g - 3*n - 9, 9*n - 11*n - 8 = -4*g. Is g + 2763 + -6 + 4 prime?
False
Suppose 2*k = v + 15, 0 = -0*k + 3*k + 2*v - 5. Suppose -3*l = 3*j - 13107, k*j - 21853 = -0*j - 3*l. Is j prime?
True
Suppose 13*r - 6*r = 53249. Is r composite?
False
Suppose 4*b - 2345 = -b - 3*k, -4*b + 1859 = -k. Suppose -2*f = -4*f + b. Is f composite?
False
Suppose m = -d + 698 + 1284, 0 = -m + 1. Is d a composite number?
True
Let o = -16630 + 26439. Is o composite?
True
Suppose 4*p + 154 = -578. Let z = 272 + p. Is z composite?
False
Let f(q) = q**2 + 11*q + 11. Let u = 4 + 6. Is f(u) composite?
True
Suppose 2*i - 1839 = -5*o, 2*i - 1809 = -3*o + 4*o. Is i prime?
True
Suppose -3*w - 12 = -5*w. Is (w/9)/(8638/8634 + -1) a prime number?
True
Suppose -5*a + 20 = 0, -2*n + 2*a = 84 - 1058. Let y = 948 - n. Is y a composite number?
False
Suppose -k - 225 = -11*a + 6*a, 3*k = a - 45. Let l = 78 + a. Is l composite?
True
Let h = -3 + 7. Let s = 114 + -111. Is 350/h - s/6 prime?
False
Is (-16397)/((-1 - -6)/(-5)) + -6 a composite number?
True
Let n = -3 - -5. Suppose -5*u - 312 - 967 = -2*o, 0 = u + 1. Suppose -x + n*x - 842 = -4*y, 0 = 3*y - 2*x - o. Is y a prime number?
True
Is ((-1)/3)/((-10)/15630) a prime number?
True
Suppose 3*u + 796 = -5885. Let h = -842 - u. Is h a prime number?
False
Let x(a) = -a**3 - 2*a**2 + 4*a + 3. Let i be x(-3). Suppose -2*j - 3*k = -11, 0 = 2*j - i*j - 3*k + 19. Is ((-12)/(-18))/(j/(-2037)) composite?
True
Is -6*(-9 + (-6335)/6) a prime number?
True
Let h(i) = -i - 8. Let g be h(-11). Suppose w = -g*n - 7, w + 2*n = -0*w - 2. Suppose 2*r - w*r + 1302 = 0. Is r a prime number?
False
Let b = -100 - -107. Suppose -b*w + 2*w - 5*n + 6415 = 0, 2560 = 2*w + 5*n. Is w composite?
True
Let l(d) = 1447*d**2 - 3*d - 3. Is l(2) a composite number?
False
Suppose -28*p + 23*p = 5. Let t(v) = -4572*v**3 + 3*v + 2. Is t(p) prime?
False
Let s = -78 + 80. Let y(i) be the third derivative of i**6/24 - i**5/20 + i**4/12 + i**3/3 + 2*i**2. Is y(s) a prime number?
False
Let z = 2046 - -413. Is z composite?
False
Suppose -4*i + 20 = 0, -p - 2*i = -1 - 5. Is ((-2498)/(-8) + 0)*(p - -8) a composite number?
False
Suppose p - 13200 = -2*o - 0*p, 6586 = o - 3*p. Is o a prime number?
False
Let f = 4590 + -541. Is f prime?
True
Let m = 232 + -136. Suppose 5*w = 2*w - 5*j + 80, 5*w = j + m. Is 1/5 - (-2116)/w a prime number?
False
Let k(s) = 2*s**3 - 5*s**2 - 13*s - 9. Let q be k(6). Suppose 2*i = 4*h - 3*h + q, -h + 333 = 4*i. Is i a composite number?
False
Suppose 0 = 15*k + 11*k - 494026. Is k prime?
True
Let x(l) = 77*l**2. Let o = -9 - -10. Is x(o) a prime number?
False
Suppose -8*d + 1184 = -4080. Let i = 1205 - d. Is i prime?
True
Suppose -2*a = -5*j - 9, -5*a + 3 = -a - 5*j. Is (a/1)/((-12)/148) a composite number?
False
Let a = -78 - -51. Is 6/a + 30233/9 a prime nu